factors of a?
2
Suppose 365*u - 341*u - 19512 = 0. What are the prime factors of u?
3, 271
Suppose 104*r = 81*r + 11040. List the prime factors of r.
2, 3, 5
Let v(k) = k**3 + 2*k**2 - 2*k - 2. Let y be v(-2). List the prime factors of 33 + 2 + -6 + y + 1.
2
Suppose -4*b + 10 = -10. Suppose -216 = -3*k + b*k. List the prime factors of ((-6)/6)/(4/k).
3
Suppose -28*l = -37*l + 14859. What are the prime factors of l?
13, 127
Suppose -9*i + 5*g - 7 = -5*i, 0 = 4*i - 4*g + 8. Let n be 1/(-2)*-2 - -5. Let u = n + i. List the prime factors of u.
3
Let q(y) = -y**2 - 6*y - 7. Let z be q(-3). Suppose -n - z*n = -3. What are the prime factors of n/4*10*12?
2, 3, 5
Suppose r = 2*z + 4*r - 23, z - 3*r = -11. Suppose 4*s - 6*s = z. What are the prime factors of 46*(-1)/(s - 0)?
23
Let z(w) = -84*w - 306. List the prime factors of z(-9).
2, 3, 5
Let i(n) be the second derivative of -95*n**3/6 - 5*n**2/2 + 26*n. List the prime factors of i(-2).
5, 37
Suppose 1416 = 6*w + 6*w. Let o = -44 + w. List the prime factors of o.
2, 37
Suppose -965*x + 8835 = -960*x. List the prime factors of x.
3, 19, 31
Suppose 54 + 36 = 3*a. Suppose a + 205 = 5*t. What are the prime factors of t?
47
Suppose 5*s - 3336 = -3*h - h, 4*s = 2*h - 1668. Suppose -17*i = -11*i - h. What are the prime factors of i?
139
What are the prime factors of -5 - (59 - 2)*-23?
2, 653
Suppose 3*j = 3*g, -4*j + 2*j = 3*g - 5. Suppose 6*o - 4*o = -92. List the prime factors of o/(-4)*(g + 1).
23
What are the prime factors of ((-4)/6)/((-76)/43206)?
379
Suppose 259 = 3*i + 265, -5*k = -4*i - 13743. What are the prime factors of k?
41, 67
Suppose 4*y = 12, -2*y = 3*u - 5 - 1. Let o = 236 + -236. Suppose t - 2*t + 4*j + 12 = o, t + 4*j - 28 = u. List the prime factors of t.
2, 5
Suppose -2*h = -d - d + 12, 0 = 2*d - h - 10. Suppose -t = 2*t - 2*o + 8, t - o + d = 0. Suppose t = 6*p - p - 130. List the prime factors of p.
2, 13
Suppose -4*g + g = -15, -239 = -2*v - 5*g. List the prime factors of v.
107
Let l = 112 - 76. Let y = l + -15. Suppose 2*u + 3*u = -5*f + 40, 3*f + 2*u = y. List the prime factors of f.
5
List the prime factors of (159 - (-7 - -2))*1.
2, 41
Suppose 12 = 4*k + 5*i, -k + i + 0 = 6. Let y be (k - -3)*1 + 4. Let b = 1 + y. What are the prime factors of b?
2, 3
Let s(c) = c**2 + 5*c - 5. Let v = 7 + -12. Let o be s(v). List the prime factors of (o/1)/((-1)/2).
2, 5
Let q(k) = -k**2 - 14*k + 6. Let w be q(-16). What are the prime factors of (25 + -8)/((-2)/w)?
13, 17
Let x(y) = y**3 - y**2 + 1. Let z be x(4). Let n = 147 - z. List the prime factors of n.
2, 7
Suppose 7*y - 2*y = 30. Suppose -4*n = 2*q + y, 3*n - 4 = -2*q - 8. What are the prime factors of (-3 - n)/(-1) + 50?
3, 17
Let l be (-6)/(-3 + 2 + -1). Suppose 5*v - l*v - 2*b - 46 = 0, -4*b = 5*v - 70. Suppose 3*o = 33 + v. List the prime factors of o.
17
Suppose -g + 4 + 10 = -2*n, 5*g + 2*n = 22. Let v be (2 - 34)*g/(-12). List the prime factors of 31/2 - 24/v.
2, 7
Let i(m) = 101*m - 5. Let g(u) = 202*u - 10. Let r(a) = -4*g(a) + 7*i(a). What are the prime factors of r(-1)?
2, 53
Let r = 37 + -32. Suppose 0 = -r*s + 173 - 13. What are the prime factors of s?
2
Let v = 2217 - 1827. Let d = -5 + 9. Suppose t - v = -d*t. List the prime factors of t.
2, 3, 13
Suppose -7*l + 8401 = -16358. What are the prime factors of l?
3, 131
Suppose -12*r = -2*r - 2020. What are the prime factors of r?
2, 101
Suppose 0 = -5*n - 2 + 7. Let b be 36/(n - (-15)/(-24)). Suppose 4*t + b = 4*p - 20, -p + 2*t + 25 = 0. List the prime factors of p.
3, 11
Let r(c) = 3*c**3 - 17*c**2 - 4*c - 1. Let w be r(8). Suppose 4*s = 117 + w. What are the prime factors of s?
7, 19
Suppose -182*r = -180*r - 590. List the prime factors of r.
5, 59
Let a be 22/8 + 3/(-4). Suppose 3 = a*v - v. Suppose 0 = 4*j - s + 2*s - 68, v*j - 5*s = 28. List the prime factors of j.
2
Let t be 5/(5/44) - -2. Let l = -13 + 18. Suppose -2*x = -4*d + 2*x + 104, -t = -3*d - l*x. List the prime factors of d.
2, 11
Let l = 1535 - 822. List the prime factors of l.
23, 31
Let q(x) = 4*x + 3*x - 16 + 26. What are the prime factors of q(14)?
2, 3
Suppose -4*s - 14*o + 16*o = -6228, 4673 = 3*s - 2*o. List the prime factors of s.
5, 311
Let n(u) = -4*u + 2. Let c be n(-7). Let k be (-10)/25 + 92/(-20). Let j = k + c. What are the prime factors of j?
5
Let q be 2/(-3)*3*-1. Suppose 0 = q*f + 6 - 22. Suppose 7*n - f*n = -10. What are the prime factors of n?
2, 5
Suppose -c = -5*c + 2*l + 22, -3*c + 4*l = -24. Suppose 475 = c*q + q. List the prime factors of q.
5, 19
Suppose -1394 = -2*c + 1796. What are the prime factors of c?
5, 11, 29
List the prime factors of (-2)/5*(-1683 + -52).
2, 347
What are the prime factors of (4 + 980)/(-7 - 17/(-2))?
2, 41
Suppose 108*c = 107*c + 684. Suppose c = -0*q + 4*q - 2*o, -5*o = -q + 171. List the prime factors of q.
3, 19
List the prime factors of 125885/51 + (-4)/(-6).
3, 823
What are the prime factors of -5*2/(-10) - (-1434 + -7)?
2, 7, 103
Suppose z = -0*z - 2*l + 307, -4*l = -2*z + 630. What are the prime factors of z?
311
Let i(c) = -5*c - 5*c + 13*c + 8 + 16*c. What are the prime factors of i(4)?
2, 3, 7
Suppose 4*d - 49 = i - 0*d, 0 = -3*i + 3*d - 111. Suppose 4*v - 237 = 3. Let g = v + i. List the prime factors of g.
3
Let d be (3/2)/(7/(-98)). Let w be d/(-6) - (-1)/(-2). List the prime factors of -13*(1 - (-1 + w)).
13
Suppose 3*m = 4*f - 1239, 2*f - 2*m - 621 + 1 = 0. What are the prime factors of f?
3, 103
Let n = 56 + -28. Suppose n + 14 = 2*w. What are the prime factors of w?
3, 7
Let c(n) = n**2 - 1. Let x be c(3). Let o = x - 5. Suppose -8 = -2*r + 2*d, o*r + 4*d = 25 + 1. What are the prime factors of r?
2, 3
Suppose -u + 5*h = -2115, 4*u - 3*h - 5108 = 3403. List the prime factors of u.
2, 3, 5, 71
Let o = 907 - 406. What are the prime factors of o?
3, 167
Suppose -5*v = 3*j - 4109, j - 2702 - 588 = -4*v. What are the prime factors of v?
823
Let d(s) = s**3 - 10*s**2 + 41*s + 2. List the prime factors of d(12).
2, 17, 23
Let j = 86 + 192. Suppose 0 = -4*v - 0*v - 2*r + j, v = r + 68. What are the prime factors of v?
3, 23
Suppose 169 + 79 = 2*i. Let n = 230 - i. List the prime factors of n.
2, 53
Let u = -1 - -3. Suppose -7*t + 7 = -21. Suppose -5*k - 39 = -2*l, 4*l + t*k - 30 = u*l. List the prime factors of l.
17
Let m = -16 + 18. Let s be (2/(-7))/(m/(-14)). Suppose d - b = 12 - 0, -s*d = 5*b - 45. List the prime factors of d.
3, 5
Let q be 6 - 15/5 - 3. What are the prime factors of (-8 - -88) + 0 + q?
2, 5
Let o be -2 - 0 - 6/(-3). Suppose o = a - 57 - 7. List the prime factors of a.
2
Let w(z) = -z**2 - 10*z - 17. Let m be -3 + (1 - 5/1). Let y be w(m). Suppose y*j = 4*q + 3*j - 47, 2*q = j + 23. What are the prime factors of q?
2, 3
Let y = -27 - -40. Suppose -47 = -3*h + y. Suppose h - 12 = 4*k. What are the prime factors of k?
2
Suppose -2*a + 4*a + 52 = j, -204 = -5*j - 4*a. Suppose -97 = -4*z - c, -6*c + 4*c = 2*z - j. Suppose 0 = 5*m - 35 + z. What are the prime factors of m?
2
Let w be (18 - -7)*2/(-2). Let j = 7 - w. What are the prime factors of j?
2
Let b = -30 - -19. Let r = b - -34. List the prime factors of r.
23
Let o(l) = -5*l + l - 8 - l**3 + 3*l**2 + 10 + l. Let x be o(2). Suppose -g - 3*b - 126 = -4*g, -2*b - 8 = x. What are the prime factors of g?
2, 19
Let o(q) be the third derivative of 11/24*q**4 - 1/2*q**3 + 0*q + 3*q**2 + 0 - 1/60*q**5. What are the prime factors of o(10)?
7
Suppose -21*o + 13008 = -16896. What are the prime factors of o?
2, 89
List the prime factors of (6/(-9))/(3 + (-188065)/62685).
3, 7, 199
Suppose -5*p + 4569 = -4*d, 2*d + 2731 = 3*p - 3*d. Suppose -9*t + 2*t = -p. What are the prime factors of t?
131
Let i be -6 + 10 + 232*2. Suppose -i = -7*h + h. List the prime factors of h.
2, 3, 13
Let s(o) = o**2 - 4*o + 2. Let c be s(-5). Let d = 117 + c. Suppose 0 = -4*u + 5*a + d, 2*a = 4*a. List the prime factors of u.
41
Suppose 5*c = -6 + 251. Suppose -5*w + 20 = 0, -33 = g - w - w. Let q = c + g. What are the prime factors of q?
2, 3
Suppose -9*o = -6*o. Suppose o = -5*s + 2*s + 126. List the prime factors of s.
2, 3, 7
Suppose 0 = 21*c - 3*c - 11844. List the prime factors of c.
2, 7, 47
Let g be ((-4)/5)/((-8)/20). Suppose 42 = -3*j + g*f, 2*f + 27 = -4*j - 29. List the prime factors of (